 z**3 + z + 7. Let a be (-4)/6 + 52/6. Suppose -6*w + a*w - 8 = 0. Let o(d) = -d**2 + 2*d + 8. Let n be o(w). What is x(n)?
7
Let r(w) be the third derivative of w**4/24 - w**3/2 - 2*w**2 + 73*w. Calculate r(6).
3
Let z = 19 - 13. Let f be 1 - (-3)/(3/1). Let h(y) = 1 - 1 - 3 + y**f + 8 - 7*y. Give h(z).
-1
Let q(v) be the second derivative of v**3/6 + 3*v**2/2 + 83*v. Give q(-13).
-10
Suppose -40 = -12*p - 16. Let l(k) = 3*k**3 - k**2 + 2*k - 2. Determine l(p).
22
Suppose 2*m + 1 + 1 = -4*b, 0 = 2*m + 2*b - 2. Suppose 0 = 2*c - m*c + 4*c. Let d(t) = t**2 - t + 5. Calculate d(c).
5
Let t(c) = -13*c**2 + 28*c - 28. Let r(z) = 7*z**2 - 14*z + 14. Let y(l) = 11*r(l) + 6*t(l). Determine y(13).
-1
Let u(i) = -i**2 + 12*i - 15. Suppose -2*m + 24 = 2*n, -3*m = 5*n - m - 57. What is u(n)?
-4
Let x(w) = 14*w - 15. Let k(s) = -11*s + 14. Let o(u) = -5*k(u) - 4*x(u). Calculate o(5).
-15
Let d = -484 - -480. Let n(w) = w**3 + 3*w**2 - 4*w + 3. Calculate n(d).
3
Let x = -846 - -856. Let d(r) = r**2 - 12*r + 13. Give d(x).
-7
Let y(a) = a - 1. Let n be 4/(-6) + 1044/108. What is y(n)?
8
Let v(h) = 2*h - 1. Suppose 7*p - 10*p = 9. Calculate v(p).
-7
Let k(o) = -o**3 - 7*o**2 - 6*o - 5. Let v be k(-6). Let i(b) = -b - 14. Give i(v).
-9
Let f(l) = -1 + 4*l**3 + 15 - 15 + 2*l**2 - 2*l - 4*l**2 - 5*l**3. Give f(-2).
3
Let j(r) = -7*r - 9*r + 19*r + r**2 + 2 - 4*r**2. Calculate j(-1).
-4
Let m(c) be the third derivative of -c**6/120 + c**5/60 + 7*c**4/24 - c**3 + 477*c**2. Give m(3).
-3
Let u(p) be the third derivative of -p**8/1680 - p**7/5040 - p**6/720 + 3*p**5/20 - 5*p**2. Let x(r) be the third derivative of u(r). Give x(-1).
-12
Suppose 6*z - 566 = -524. Let w(u) = -u**3 + 8*u**2 - 3*u - 9. What is w(z)?
19
Let b(p) = -p**3 - p**2 - p - 20. Let q(r) = 74*r + 518. Let d be q(-7). Calculate b(d).
-20
Let h(l) = -l**3 - 5*l**2 - 5*l - 6. Suppose 35*x = 51*x + 80. Determine h(x).
19
Let v = -204 + 212. Let t(s) = 2*s + 4. Give t(v).
20
Let r be 1 + -9 - (-15 + 13). Let q(v) = -v**3 - 6*v**2 + 4*v - 2. Let t be q(r). Let h = t - -28. Let z(g) = -g**2. What is z(h)?
-4
Let m = 16 + -14. Suppose -4*t = -m*t + 12. Let f(v) = 3 + v + v - 3*v. What is f(t)?
9
Let g(a) = -2 + 36*a - 33*a + 3. Suppose 29 = -2*l - 5*n, n - 4*n = -l + 13. Give g(l).
-5
Suppose 2*v - 318 = -338. Let f(u) = u**2 + 11*u - 10. Calculate f(v).
-20
Suppose 0 = 9*o - 14*o. Let q(k) = -43 + 2*k + 39 + o*k + k**2 - k. Let h = -9 + 6. What is q(h)?
2
Let g(t) = -t**3 - 5*t**2 + t - 7. Let h = 65 - 55. Suppose -2*a - h = -0. Determine g(a).
-12
Let p(a) = a**3 + 9*a**2 + 9*a + 10. Let h be p(-8). Let m(b) = -6*b - 2. What is m(h)?
-14
Suppose -37*v = -38*v + 29. Let f(s) = v - 53 + 24 - s. Calculate f(-1).
1
Let q(g) = -g + 6. Let d be q(0). Suppose -2*m - 18 + d = 0. Let a(i) be the third derivative of i**4/12 + 4*i**3/3 + 45*i**2. Calculate a(m).
-4
Let w(m) = -3*m - 63. Let b be w(-19). Let l(r) be the second derivative of -r**3/6 - 6*r**2 + 15*r + 1. Calculate l(b).
-6
Let w be (-724)/18 + 28/126. Let y be (-132)/55*w/6. Let l be (-1)/((y/4)/24). Let o(g) = g**3 + 5*g**2 - 6*g + 2. What is o(l)?
2
Let j(y) be the second derivative of y**3/6 + 23*y**2/2 + 60*y. What is j(-14)?
9
Let q(n) = 2*n - 5. Let j(g) = -28*g**2 - 9*g + 19. Let f(t) = -j(t) - 4*q(t). Give f(-1).
28
Suppose 2*f - 3*j = f + 9, 4*j - 9 = -f. Let s = 11 - f. Let w(b) = 2*b - 3*b + s*b. Determine w(-3).
-3
Let k(y) = 2*y**2 - 5*y. Suppose -d + 5 + 9 = 0. Suppose 0 = -3*f + 29 - d. Calculate k(f).
25
Let k be (-13 + -1)*9/6. Let z = k - -20. Let x be (-2 + 12)/(-3 - z). Let b(g) = -g**2 - 4*g + 4. Calculate b(x).
-1
Let i be -6*(-5)/(-135) + 194/(-18). Let b(n) = -n**2 - 13*n - 13. Calculate b(i).
9
Let g(n) = -20*n**2 + 8*n - 5. Let q(c) = 11*c**2 - 5*c + 3. Let j(h) = -5*g(h) - 9*q(h). Calculate j(-7).
12
Let o(a) = 43*a**2 + 2*a - 1. Let p(c) = -c**2 - 10*c + 232. Let v be p(-21). What is o(v)?
44
Let q(u) = -2*u**3 + 0*u**3 + 3*u**3 - 7 + 0*u**2 - 3*u + u**2 + 4. Determine q(-2).
-1
Let q(u) = -u - 3. Let c be q(-7). Suppose c*n = 9 + 7. Let l(f) = 0*f**3 - 5*f**3 - 6*f**2 + n*f**3 + 0 + 6 - 4*f. Calculate l(-5).
1
Suppose -35*q + 311 - 81 = 11*q. Let h(v) be the third derivative of -5*v**4/24 - v**3/2 + v**2. Determine h(q).
-28
Let n(r) be the third derivative of r**4/12 - r**3/6 - 3*r**2 - 33*r. Let f(g) = g. Let i be f(2). Let t be (i/(-6))/((-1)/(-3)). Calculate n(t).
-3
Let x(r) = 52*r + 16. Let l(w) = -10*w - 3. Let v(s) = -11*l(s) - 2*x(s). Let y(b) = b**2 - 11*b + 8. Let p be y(10). Give v(p).
-11
Let t = -4 + 6. Suppose -3*p - 13 = -2*o, 0 = -t*o + 4*p + 24 - 8. Suppose o*a - 12 = 2. Let g(j) = -j**2 + 8*j - 7. Calculate g(a).
0
Let c(s) = s**3 - 4*s + 3. Suppose 90 - 78 = 6*j. Calculate c(j).
3
Let u(h) be the third derivative of h**6/120 - h**5/12 + h**4/12 - 5*h**3/6 - 101*h**2. Suppose 4*d = 32 - 12. Give u(d).
5
Let w(z) = z - 4. Let q(b) = -b**2 - 7*b - 5. Let p be q(-2). Suppose p = -4*s + y + 14, -y - 6 = -3*s. Give w(s).
-1
Let o = 20 + -21. Let g(z) = -2*z**2 - 2*z - 3. Let f(a) = 7*a**2 + 8*a + 13. Let b(c) = 2*f(c) + 9*g(c). What is b(o)?
-3
Let c(f) = -4*f**2 - 11*f - 11. Let l(m) = -m**2 - 3*m - 3. Let o(g) = -6*c(g) + 22*l(g). Let y = -2 - -2. Suppose y = -3*k - 3 + 9. Give o(k).
8
Let i(x) = -14*x + 14. Let v(w) = 5*w - 5. Let n(h) = -6*i(h) - 17*v(h). Let d(l) = 2*l - 5. Let o(b) = -d(b) - 6*n(b). Determine o(-1).
-5
Let r(f) = -f**2 + f. Let n(h) be the first derivative of -5/3*h**3 + 3 - 3*h + 5*h**2. Let o(x) = -n(x) + 4*r(x). Give o(6).
3
Let n(i) = 10 + 7 - 18 - 5*i**2. Let y be 4/(-6) + 10*4/15. Calculate n(y).
-21
Let x(a) = 5*a - 1. Let l be 12 + (-5)/(10/4). Let h be (-2)/(l/(-95)) - 3. Suppose 5*q - h + 21 = 0. What is x(q)?
-6
Let o(b) = 10*b - 617 + 2*b + b**2 + 311 + 322. Determine o(-10).
-4
Let m(n) = n**3 + 8*n**2 - 24*n - 36. Let x be m(-10). Suppose -x*f = 5*f - 72. Let z(k) = -k**3 + 9*k**2 - 7*k - 2. Determine z(f).
6
Let x(g) = -g**2 - 10*g - 6. Let z(j) be the second derivative of j**4/12 - 13*j**3/6 + 33*j**2/2 + 26*j. Let u be z(6). Calculate x(u).
3
Let y(o) = 3 - 5*o - 202*o**2 + 104*o**2 + 99*o**2. Determine y(7).
17
Let q(c) = -3*c**2 + c - 3. Let y(x) = x**3 - x - 1. Let z(a) = -q(a) + y(a). Suppose -4*u = -5*b - 108 - 112, 0 = -u - 4*b + 34. Let s = -54 + u. Give z(s).
-6
Let q(k) = k**2 - 2*k + 1. Let x = 21 + -11. Suppose 48 = -6*z + x*z. Suppose 3*g + g - z = 0. Determine q(g).
4
Let o(l) = -l**3 - 11*l**2 + l + 14. Let z be o(-11). Let p(r) = 7*r - 3*r + 0 - 1 - 2*r. Calculate p(z).
5
Let f(j) = 2*j - 4*j**2 - 3*j**2 + 6*j**2 - 1 + 2*j**2. Let d = 30 + -33. Give f(d).
2
Let t(h) = 18*h - 3. Suppose 5*x - 19 = 2*d, -30*d + 16 = -32*d + 4*x. Determine t(d).
-39
Let c(q) = 11*q**2 + q + 1. Let y(m) = m**3 + 6*m**2 - 11*m - 10. Let b be y(-7). Suppose -5*k - b = -2*s, 0 = 3*k + 1 + 11. Determine c(s).
11
Let s(b) be the second derivative of b**4/6 - 2*b**3/3 + 408*b. Calculate s(4).
16
Let d = -600 - -605. Let c(u) = -u**3 + 4*u**2 + 7*u - 3. Give c(d).
7
Let b(y) be the third derivative of y**4/8 + y**3/6 + 7*y**2 + 18*y. Determine b(-3).
-8
Let i(s) = -s**3 - 19*s**2 + 71*s + 104. Let o be i(-22). Let c(r) = 14*r + 24. Let m(a) = 5*a + 8. Let x(w) = -4*c(w) + 11*m(w). What is x(o)?
-2
Let h(b) = 4 + 3*b - b**3 + 2 - 2*b. Let s = 47 + -32. Suppose -q - 5*u - s = -5, 3*q = -3*u - 6. Give h(q).
6
Let c(m) = -m**2 - m + 1. Let i(a) = 2*a - 1. Let d(y) = 4*c(y) + 3*i(y). Let w(k) = k**2 - 64*k + 699. Let r be w(14). Give d(r).
-5
Let p(m) be the third derivative of 1/6*m**3 + 0 + 26*m**2 + 0*m - 1/40*m**6 + 1/24*m**4 + 0*m**5. Determine p(-1).
3
Let s(m) be the first derivative of m**4/4 + 3*m**3 + 11*m**2/2 + 4*m - 77. Give s(-8).
-20
Let j = 5 + -6. Let d be 10 + -7 - (j + 1). Let k(c) = 5 - c**d - 9*c**2 + 3*c**2 + 3 + 2*c + 0*c. Give k(-6).
-4
Suppose -2*w = 4*y - 6, -w + 15*y - 13*y = -7. Let u(o) = 5*o - 4. What is u(w)?
21
Let m(u) = u**2 + 7*u + 6. Suppose -29*g = -2*g + 216. Calculate m(g).
14
Let w(x) = -17*x + 2*x**2 - 49*x**3 - 4 - 13*x**2 + 50*x**3 + 6*x. Calculate w(12).
8
Let f(l) be the first derivative of -l + 1 - 6*l**2 + 4/3*l**3. Let h(g) = -g**2 + 3*g. Let u(q) = 2*f(q) + 9*h(q). Give u(3).
-2
Let l(t) = -7*t. Let h(i) = -4*i. Let s(a) = a**3 + 9*